4 a factor of k(d)?
True
Let b = -180 - -429. Is b a multiple of 25?
False
Suppose 5*m = 19 + 6. Let j(s) = -7*s + 10*s - s**2 + s + 3*s - 6. Does 4 divide j(m)?
True
Let h(a) = -3*a - 9. Suppose -2*l + 0*l = 22. Let f = -17 - l. Is 9 a factor of h(f)?
True
Let o(l) = 2*l + 3. Let i be o(-3). Let c(s) be the second derivative of s**4/6 + 2*s**3/3 + 2*s**2 - 2*s. Is c(i) a multiple of 10?
True
Suppose 5*v + h - 85 = 0, -67 = -3*v - v - h. Is v a multiple of 3?
True
Let m(r) be the third derivative of r**5/10 - r**4/4 - r**3/6 + 2*r**2. Does 14 divide m(3)?
False
Let j(v) = -v**3 + 8*v**2 + v + 11. Let u be j(8). Let l be ((-57)/9)/(1/(-21)). Suppose u - l = -3*f. Is 10 a factor of f?
False
Suppose 4*t - 3*t + 443 = -5*h, -5*h = 3*t + 439. Let z = h - -127. Is 20 a factor of z?
False
Suppose -3*n = b + 17, 5*b + 5 = n - 0*n. Let o(a) = -4*a**2 - 2*a + 2. Let d be o(n). Is d/(-5) + 2/5 a multiple of 11?
False
Let s = 15 + 102. Is 9 a factor of s?
True
Suppose 0 = -o + 52 + 148. Does 38 divide o?
False
Let r be (348/18)/(2/(-3)). Let m = r + 68. Does 24 divide m?
False
Let o(u) be the third derivative of u**6/15 + u**5/60 - u**3/6 + u**2. Is o(1) a multiple of 5?
False
Let z(t) = 44*t**2 - 2. Let i(c) = -c**3 + 2*c**2 + 2*c + 1. Let n be i(3). Let o be z(n). Suppose 3*l + 5*h = 98, -4*l - 3*h = l - o. Does 14 divide l?
False
Suppose -2*o = -2*v - 0*o + 2, 0 = v + o + 5. Does 22 divide (3 - v/(-2)) + 34?
False
Let p = 56 + -27. Is 29 a factor of p?
True
Suppose -5*f + 51 = 21. Suppose 0 = -4*p + p. Suppose a + 0*a - 4*g - 22 = p, a + 3*g = -f. Is 4 a factor of a?
False
Let t(x) = 8*x - 10 + 2*x - 14*x. Let u be t(-7). Suppose -5*c - u + 68 = 0. Is c a multiple of 4?
False
Let f be 2/9 - 100/(-36). Suppose -5*v = 6 - 1, -3*c + f*v = -6. Is -12*(0 + -1)*c a multiple of 12?
True
Let q be 0 + (3 - 9/1). Let t(h) = h + 8. Let f be t(q). Suppose -3*x + f + 19 = 0. Is 7 a factor of x?
True
Does 2 divide (-4)/(-14) + (-2266)/(-154)?
False
Let v(n) = -n**3 - 3*n**2 + 2*n + 8. Is v(-4) a multiple of 4?
True
Let h = -6 - -8. Suppose 4*f = -h*c - 10, -2*c - 2*c = 3*f - 5. Is c a multiple of 3?
False
Suppose -29 = -2*s + 17. Let l = -8 - -13. Suppose -l*b + 57 + s = 0. Does 6 divide b?
False
Let o(h) = h**3 - 2*h**2 - 5*h + 6. Suppose 4*g - 4 = 12. Is o(g) a multiple of 6?
True
Let j be 108/(-14) + (-6)/21. Let a be 2/j*-47*4. Suppose a = 4*w + 2*v - 41, -4*w - v = -84. Is 10 a factor of w?
True
Suppose 70 = 3*j - 44. Suppose 5*t - 12 = j. Is t a multiple of 3?
False
Suppose 5*l + 0*r - 5*r + 80 = 0, -24 = l - 5*r. Does 9 divide ((-36)/l)/(2/14)?
True
Let d(z) = z**3 - 5*z**2 + 2. Let c be d(5). Let x(t) = -t**3 + t**2. Let y(l) = -6*l**3 + 5*l**2 - 3*l + 2. Let i(f) = x(f) - y(f). Does 14 divide i(c)?
True
Suppose -w + 2*w + 2*a + 9 = 0, 5*w - a + 1 = 0. Let j = 3 + 18. Is 1/(w/j*-3) a multiple of 4?
False
Suppose 4*y - 7 = 9. Let b = y - 0. Suppose 3*r + b*n - 56 = 0, 3*n - 5 = 2*n. Is 6 a factor of r?
True
Let s be 6/21 + 498/21. Suppose s = 2*n - 0*n. Is 10 a factor of n?
False
Suppose 4*l = -3*i + 2*l + 6, -5*l = 3*i + 3. Is i a multiple of 2?
True
Let u(j) = -j**2 + 9*j + 2. Suppose -4*t = n - 28, -5*t + n + 45 = 1. Is 5 a factor of u(t)?
True
Let o = -14 - -23. Let c = o - 4. Does 4 divide c?
False
Suppose 3*a - 3*d - 768 = 0, 3*d - 7*d + 1271 = 5*a. Does 51 divide a?
True
Suppose -4*n = -0*n - 16. Suppose -n*s + 121 = -5*o, -4 = 2*s + o - 47. Does 6 divide s?
True
Let c = 23 - 8. Let y = 1 + -1. Suppose p - c = -y. Is p a multiple of 10?
False
Let x = 135 + -45. Is 12 a factor of x?
False
Let x(m) = 3*m**2 + 3*m - 2. Let q be x(2). Let b = q - 6. Does 5 divide b?
True
Let r be ((-3)/2)/(6/(-544)). Suppose -f = 5*o + f - r, -5*f = -4*o + 122. Does 14 divide o?
True
Let a be -5*((-14)/5 - -1). Suppose 0*q + 3*q - a = 0. Suppose 2*o = -3*c + 122, q*o - 117 = -0*c - 3*c. Is c a multiple of 22?
True
Suppose -3*c = 9 + 3. Let x be (-6)/(-4)*(-16)/(-12). Does 11 divide -2*x*11/c?
True
Is (-4)/(-6)*18/4 a multiple of 3?
True
Suppose -10 = -5*u, -3*u - 2*u = z - 11. Is 11 a factor of (-66)/(-2) - (z - 1)?
True
Suppose t + 6 = 4*t. Does 24 divide (-3)/(-6) - (-143)/t?
True
Suppose 4*z - 2*h = 10 + 14, 4*z = 5*h + 36. Does 16 divide ((-36)/(-2))/(z + -3)?
False
Let r = -23 + 50. Is 9 a factor of r?
True
Let d = 19 - 11. Is 9 a factor of 108/3*4/d?
True
Let g(f) = f + 2. Let u be g(2). Suppose -39 - 9 = -u*t. Is t a multiple of 11?
False
Suppose 4*q + 16 = 5*q + 5*n, 0 = 3*q + 5*n - 58. Is q a multiple of 7?
True
Let g(w) = -w**3 + w**2 - w. Let m be 2/(-4) + 1/(-2). Let f(t) = 7*t**3 - 4*t**2 + 4*t - 1. Let k(v) = m*f(v) - 6*g(v). Does 4 divide k(-3)?
True
Suppose 2*l + 1 = -r, -5*r + 0*l = 2*l + 29. Is 4 a factor of -4*r/(14/8)?
True
Let a(m) = -m - 1. Let l(o) = 10. Let x(f) = 2*a(f) + l(f). Does 12 divide x(-8)?
True
Let h(v) = -v**3 - 4*v**2 + v - 5. Let g = 3 - 1. Suppose -i + 5 = -g*i. Does 5 divide h(i)?
True
Suppose 5*l - 5*h - 671 = 574, 5*h - 470 = -2*l. Suppose -4*y + t = -4*t - 201, -5*y + 5*t + l = 0. Is 15 a factor of y?
False
Is (4/(-6))/(16/(-672)) a multiple of 14?
True
Let v be 3 + (-3 - 15)/3. Let w(s) = 6*s**2 - s. Let p be w(v). Is 3 + -1 + p/3 a multiple of 7?
True
Let o(i) = i**2 + 11*i - 2. Let d be o(-6). Let m = -17 - d. Is 5 a factor of m?
True
Let o = -16 - -18. Suppose -14 = -2*a - 6. Does 14 divide a*(14/o + 0)?
True
Let z(t) = t**3 + 7*t**2 - 9*t - 6. Let k be z(-8). Let d(v) = 10*v**2. Is d(k) a multiple of 11?
False
Suppose 6*f + 1395 = f. Does 7 divide f/(-39) + 6/(-39)?
True
Suppose 0 = -2*r + r - 4*q + 2, 5*q = -10. Let y(t) = -t**3 + 9*t**2 + 14*t. Is 10 a factor of y(r)?
True
Let i(h) = h**3 - 3*h**2 + 2*h. Let k be i(5). Suppose k = 3*m - m. Let d = m + -5. Does 9 divide d?
False
Suppose 5*t - 1439 = 2*w, 0*w = -2*t + 4*w + 582. Is t a multiple of 41?
True
Let x(v) = -v**2 - 11*v - 4. Let o be x(-11). Suppose q = -3*l + 153, -4*l - 72 = -5*q - 295. Let p = l + o. Is 18 a factor of p?
False
Suppose -16 = 3*l - 5*j, 2*l + l + j = 14. Let f(c) = -9*c**2 - 2*c. Let z(b) = 8*b**2 + b. Let g(m) = 2*f(m) + 3*z(m). Is 17 a factor of g(l)?
True
Suppose 10*u - 180 = 6*u. Is 6 a factor of u?
False
Is 8/(-12)*-18 - -3 a multiple of 5?
True
Let r(f) = -9*f**2 - f. Let c be r(2). Let p be c/(-9) - (-2)/(-9). Suppose y = -p*y + 100. Is y a multiple of 17?
False
Suppose -c + 13 = 2*n, -n + 5 = 3*n - 5*c. Suppose -5*w + 13 - 69 = -3*a, -116 = -n*a - 3*w. Is 11 a factor of a?
True
Let j = -89 - -169. Is j a multiple of 23?
False
Let d(t) = 2*t**2 + 5*t + 10. Is d(5) a multiple of 11?
False
Let v(i) = -2*i**3 - 2*i**2 + i + 2. Let b(t) = 3*t - 1. Let s be b(1). Suppose -4*d + 2*k - 6 = 0, -s*k - k = -4*d - 5. Is v(d) a multiple of 6?
False
Let q = 6 + -9. Let r be (-6)/q + -1 - -3. Suppose 22 = w - r*a, -2*w + 3*a - 88 = -4*w. Does 14 divide w?
False
Suppose n - 6 = -n. Suppose j + 69 = 3*g, 3*j + 46 = -g + n*g. Does 18 divide g?
False
Let m(a) = -4*a**3 + 8*a**2 - 3*a - 4. Let i(h) = -5*h**3 + 9*h**2 - 4*h - 3. Let v(w) = 3*i(w) - 4*m(w). Does 3 divide v(5)?
False
Let g be 3*3/((-27)/15). Is 18 a factor of 2/(-10) + (-116)/g?
False
Suppose 5*o + 0*o + 10 = 0. Let h be o*(-7)/2 - 0. Does 5 divide (24/(-14))/((-1)/h)?
False
Let z = 15 + -13. Suppose g = -4*c + 3, z*c = -g + 2 + 3. Is g a multiple of 2?
False
Suppose 4*o + 502 = -2*t + 1830, 3*o = -3*t + 996. Suppose -p + o = 3*p. Suppose 5*r = -p + 253. Is 12 a factor of r?
False
Let j be 622 + (-4)/((-4)/2). Is j/40 - 4/(-10) a multiple of 8?
True
Is 5/25 - (-222)/15 a multiple of 3?
True
Suppose -4*n - 2*l = -1206, -2*n + 1207 = 2*n + 3*l. Does 28 divide n?
False
Let d = -35 + 35. Let i(c) = -4*c**2 - 4*c + 3. Let q(p) = 5*p**2 + 5*p - 2. Let h(u) = 4*i(u) + 3*q(u). Is 6 a factor of h(d)?
True
Let z = -11 - -15. Let x(w) = 0*w**3 - 10*w**2 + w**3 + 8*w + w**2 + z. Is x(8) a multiple of 3?
False
Let u(d) be the third derivative of 1/6*d**3 - d**2 + 0 - 1/60*d**6 + 0*d + 1/12*d**4 - 1/30*d**5. Is 5 a factor of u(-2)?
True
Suppose 6*g - g - s = -28, 3 = s. Is 3 a factor of (38/(-10) + 2)*g?
True
Let u be (12/(-15))/2*-5. Does 12 divide ((-4)/(-6))/(u/66)?
False
Let h(w) = w**2 - 12*w + 14. Does 37 divide h(18)?
False
Let o(r) = -4*r**2 + 4*r + 1. Let k(d) = 4*d**2 - 5*d - 2. Let i(p) = -2*k(